595 divide 689777?
False
Is 63 a factor of 530894?
False
Is 103104 a multiple of 9?
True
Is 122 a factor of 51606?
True
Is 9 a factor of 5123074?
False
Is 16629100 a multiple of 50?
True
Does 87 divide 886499?
False
Is 68 a factor of 84467?
False
Does 7 divide 72919?
True
Is 13 a factor of 25170262?
True
Is 1395 a factor of 3378690?
True
Is 6 a factor of 14494?
False
Is 52767 a multiple of 99?
True
Is 15 a factor of 74686?
False
Is 123032 a multiple of 676?
True
Is 6659 a multiple of 11?
False
Is 196071 a multiple of 124?
False
Does 18 divide 70632?
True
Is 169220 a multiple of 8?
False
Is 5765518 a multiple of 17?
False
Is 285 a factor of 279112?
False
Is 11 a factor of 9523415?
True
Is 56925 a multiple of 69?
True
Is 15 a factor of 3928494?
False
Is 356764 a multiple of 158?
True
Does 38 divide 1447534?
True
Is 820829 a multiple of 22?
False
Is 19113 a multiple of 77?
False
Is 7973472 a multiple of 51?
False
Does 37 divide 185176?
False
Does 60 divide 46800?
True
Is 106 a factor of 42531?
False
Does 797 divide 1583639?
True
Is 330 a factor of 576180?
True
Is 28057 a multiple of 4?
False
Is 198 a factor of 9819553?
False
Is 921062 a multiple of 148?
False
Is 38 a factor of 300116?
False
Is 435 a multiple of 321?
False
Is 5200900 a multiple of 25?
True
Is 696 a factor of 23255448?
True
Is 15552 a multiple of 64?
True
Is 2818954 a multiple of 1178?
True
Is 133 a factor of 37439?
False
Is 656263 a multiple of 156?
False
Is 429 a factor of 423852?
True
Is 428 a factor of 454828?
False
Is 8 a factor of 2764632?
True
Is 10 a factor of 5142480?
True
Is 1762747 a multiple of 508?
False
Is 23 a factor of 1610690?
True
Does 114 divide 7766510?
False
Is 961068 a multiple of 210?
False
Does 9 divide 522819?
True
Is 42424 a multiple of 4?
True
Is 282609 a multiple of 139?
False
Is 76 a factor of 94104?
False
Is 228164 a multiple of 72?
False
Does 820 divide 2288470?
False
Does 27 divide 174042?
True
Does 24 divide 189888?
True
Is 788180 a multiple of 42?
False
Is 25 a factor of 19449899?
False
Is 4259178 a multiple of 126?
True
Is 24 a factor of 90169?
False
Is 14 a factor of 2442236?
False
Is 3612162 a multiple of 401?
False
Is 1821094 a multiple of 122?
True
Does 11 divide 35092?
False
Is 2918683 a multiple of 146?
False
Is 411 a factor of 2505867?
True
Is 13 a factor of 273000?
True
Is 75 a factor of 146550?
True
Does 192 divide 886743?
False
Is 268846 a multiple of 39?
False
Does 44 divide 567864?
True
Is 49 a factor of 1573537?
True
Is 394617 a multiple of 440?
False
Does 74 divide 821326?
True
Is 38 a factor of 2172356?
False
Is 7731262 a multiple of 55?
False
Does 374 divide 940625?
False
Is 14 a factor of 274134?
True
Does 175 divide 13552875?
True
Is 538588 a multiple of 29?
True
Is 404 a factor of 350355?
False
Is 71505 a multiple of 3?
True
Does 42 divide 93576?
True
Is 109 a factor of 6313934?
True
Is 197361 a multiple of 81?
False
Is 11 a factor of 86461?
False
Is 57951 a multiple of 55?
False
Is 86 a factor of 749404?
True
Is 105740 a multiple of 20?
True
Does 24 divide 1449408?
True
Does 182 divide 59982?
False
Is 47166 a multiple of 38?
False
Is 2337301 a multiple of 103?
False
Is 4 a factor of 50398?
False
Does 63 divide 14220423?
True
Is 795 a factor of 1017600?
True
Is 545280 a multiple of 143?
False
Is 153985 a multiple of 5?
True
Is 471 a factor of 27657?
False
Is 3189498 a multiple of 13?
True
Is 758 a factor of 602249?
False
Is 8290179 a multiple of 56?
False
Does 555 divide 310800?
True
Is 52 a factor of 3802916?
True
Is 9310212 a multiple of 49?
False
Is 24 a factor of 719153?
False
Does 8 divide 194840?
True
Does 15 divide 951263?
False
Does 90 divide 1543994?
False
Is 398745 a multiple of 164?
False
Does 7 divide 60777?
False
Is 4432849 a multiple of 61?
False
Does 240 divide 108898?
False
Is 5113277 a multiple of 13?
True
Is 113935 a multiple of 240?
False
Is 665089 a multiple of 511?
False
Does 16 divide 253072?
True
Does 34 divide 3369413?
False
Is 21 a factor of 7900130?
False
Is 17 a factor of 568344?
True
Does 180 divide 3919680?
True
Does 97 divide 1155658?
True
Is 146 a factor of 556118?
False
Is 1254 a factor of 17884011?
False
Does 16 divide 43600?
True
Is 49 a factor of 25094?
False
Does 8 divide 23736?
True
Does 10 divide 675?
False
Is 195860 a multiple of 199?
False
Is 13 a factor of 347451?
True
Is 705797 a multiple of 45?
False
Is 214 a factor of 873334?
True
Does 81 divide 99527?
False
Is 1844704 a multiple of 8?
True
Is 12 a factor of 30678?
False
Is 769770 a multiple of 28?
False
Is 16937517 a multiple of 1268?
False
Is 103 a factor of 487499?
True
Is 64 a factor of 331749?
False
Does 13 divide 1428578?
False
Does 119 divide 175644?
True
Is 38 a factor of 3258274?
False
Is 150692 a multiple of 404?
True
Is 49060 a multiple of 22?
True
Is 4027865 a multiple of 153?
False
Does 22 divide 219735?
False
Is 39540 a multiple of 5?
True
Does 152 divide 188393?
False
Is 9 a factor of 3660706?
False
Is 1202943 a multiple of 21?
True
Does 15 divide 557490?
True
Is 20372716 a multiple of 388?
True
Does 45 divide 2013075?
True
Is 5 a factor of 3911465?
True
Is 48 a factor of 126470?
False
Does 974 divide 3101834?
False
Is 18 a factor of 2248920?
True
Is 275450 a multiple of 10?
True
Does 18 divide 30706758?
True
Is 28 a factor of 1503040?
True
Is 7544 a multiple of 23?
True
Is 458 a factor of 476320?
True
Is 130 a factor of 1371760?
True
Is 4208533 a multiple of 9?
False
Is 1705377 a multiple of 5?
False
Is 74 a factor of 112480?
True
Does 64 divide 49387?
False
Does 27 divide 311776?
False
Is 44 a factor of 153824?
True
Is 1494927 a multiple of 2?
False
Is 510 a factor of 4278606?
False
Does 34 divide 812855?
False
Is 257650 a multiple of 51?
False
Is 21216 a multiple of 416?
True
Does 179 divide 244275?
False
Is 27104 a multiple of 56?
True
Is 5545759 a multiple of 10?
False
Is 70007 a multiple of 70?
False
Is 2660070 a multiple of 21?
True
Is 7 a factor of 6741365?
False
Is 62 a factor of 61207?
False
Does 42 divide 54558?
True
Is 13 a factor of 978914?
False
Is 48 a factor of 9332400?
True
Is 48 a factor of 93058?
False
Is 40 a factor of 2586780?
False
Is 15 a factor of 3615780?
True
Is 174 a factor of 627010?
False
Does 125 divide 4054047?
False
Does 87 divide 295350?
False
Is 2588778 a multiple of 13?
False
Does 616 divide 492800?
True
Does 26 divide 93652?
True
Is 7 a factor of 196084?
True
Is 837 a factor of 1430433?
True
Does 115 divide 1640776?
False
Is 5149232 a multiple of 11?
True
Is 45 a factor of 48015?
True
Does 25 divide 2622580?
False
Is 4749130 a multiple of 545?
True
Is 885 a factor of 963016?
False
Is 9 a factor of 6190020?
True
Is 83593 a multiple of 6?
False
Does 14 divide 2038246?
True
Is 29292480 a multiple of 60?
True
Is 834 a factor of 22035120?
False
Is 99 a factor of 1510543?
False
Is 372 a factor of 5491261?
False
Does 30 divide 13874544?
False
Is 26 a factor of 5613348?
True
Is 67 a factor of 25994660?
True
Is 13215 a multiple of 8?
False
Is 91 a factor of 175137?
False
Is 26 a factor of 3639929?
False
Does 18 divide 5169886?
False
Is 52 a factor of 293434?
False
Does 1281 divide 11680158?
True
Is 2808654 a multiple of 6?
True
Is 4 a factor of 219407?
False
Is 4075588 a multiple of 7?
False
Is 267 a factor of 400233?
True
Is 391176 a multiple of 108?
True
Is 31 a factor of 2610894?
False
Does 17 divide 1061352?
False
Is 17015588 a multiple of 13?
False
Does 12 divide 1400988?
True
Is 15195 even?
False
Is 2319639 a multiple of 127?
False
Is 154825 a multiple of 55?
True
Is 3146169 a multiple of 14?
False
Is 8 a factor of 36776?
True
Is 267560 a multiple of 65?
False
Is 22 a factor of 453200?
True
Does 54 divide 551502?
True
Does 25 divide 69036?
False
Does 32 divide 11174176?
True
Is 2928754 a multiple of 6?
False
Does 16 divide 360048?
True
Does 354 divide 133458?
True
Does 8 divide 5283056?
True
Does 638 divide 79750?
True
Does 20 divide 89000?
True
Is 165711 a multiple of 13?
True
Is 21070 a multiple of 10?
True
Is 39 a factor of 2327259?
False
Does 56 divide 469997?
False
Does 17 divide 16932?
True
Is 19342 a multiple of 2?
True
Does 333 divide 1814850?
True
Does 74 divide 49506?
True
Is 649672 a multiple of 68?
True
Is 146916 a multiple of 66?
True
Is 23 a factor of 7446?
False
Is 20 